-16*z + 3*z - z**2 - 8 + 1. Calculate the remainder when 9 is divided by r(x).
4
Suppose -4*s - 2 = -46. Let p(t) = -3*t + 2. Let r be p(s). What is the remainder when 60 is divided by ((-2)/(-1))/((-2)/r)?
29
Suppose -3*a + 26 = -4*r - 29, 3*a - 2*r - 59 = 0. What is the remainder when a is divided by 21?
0
Let h(n) = -n**2 - 9*n - 6. Let c = -9 + 3. Calculate the remainder when h(c) is divided by 62/8 + 1/4.
4
Let p(j) = -j**2 - 3*j + 9. Let o be p(-4). Suppose 0 = 2*k - o*k + 6. Suppose 0 = g - a - 10, g + k*a + 6 = 4. Calculate the remainder when 20 is divided by g.
2
Suppose -4*n + 54 = -2*c + 338, -n - 3 = 0. Calculate the remainder when c is divided by 69.
67
Suppose 0 = 6*i + 13*i - 8645. Calculate the remainder when i is divided by 10.
5
Let z(k) be the first derivative of -k**3/3 - 5*k**2/2 + 3*k + 2. Suppose -2*x = -9*x + 56. Calculate the remainder when x is divided by z(-5).
2
Let h = 1598 + -1439. What is the remainder when h is divided by 32?
31
Let a = 149 + -239. What is the remainder when 14 is divided by ((-6)/(-45) - (-462)/a)/(-1)?
4
Suppose -7*o - 5*h = -12*o + 60, -5*o + 53 = 2*h. Calculate the remainder when o is divided by 2 + (-5)/((-15)/6).
3
Let s(r) = 2*r - 4. Let k(h) = -h**2 + 6*h - 5. Let y be k(3). What is the remainder when 13 is divided by s(y)?
1
Let z(g) = 5*g - 26. What is the remainder when z(13) is divided by (-4)/(1/(1 - 3))?
7
Let q = 4 - -1. Suppose 10 = -q*c, -6*i - 4*c + 3940 = -2*i. Suppose 0 = 6*m - 13*m + i. Calculate the remainder when m is divided by 36.
33
Let w be (8/6)/((-1)/(-3)). Suppose -63*y + 2946 - 426 = 0. Suppose y = w*f - 20. Calculate the remainder when 57 is divided by f.
12
Let v(f) = 5*f + 1. Let g(t) = -t - 11. Let l be g(-13). Suppose y = q - l, q = 4*q + 2*y - 16. What is the remainder when 81 is divided by v(q)?
18
Suppose -2*z - 5*i = 0, -5*z - 5*i - 15 = -6*z. What is the remainder when 14 is divided by z?
4
Let j = 1915 + -1898. Calculate the remainder when 1153 is divided by j.
14
Let r be 2 + (-3)/(-3) + 1. Let j = 44 + -32. Calculate the remainder when 18 + 1 + r/2 is divided by j.
9
Let o(v) = 14*v**2 - 2 + 3*v - 2 + 5. Let y = 68 + -55. Calculate the remainder when o(-2) is divided by y.
12
Suppose 0 = n + 5*h - 30, 4*n + 3*h = -0*h + 35. Let a = 34 + -10. Suppose 4*v - a = v. Calculate the remainder when v is divided by n.
3
Calculate the remainder when 15378/55 + 2 + 52/(-20) is divided by 36.
27
Suppose -2*t + 261 = -x, 2*t = 3*t + x - 126. Calculate the remainder when t is divided by 35.
24
What is the remainder when 55/11 - 1/(6/(-816)) is divided by 38?
27
Suppose -11*p - 86 = -12*p. Calculate the remainder when p is divided by 29.
28
Suppose 377 = 6*m - 397. Calculate the remainder when m is divided by 11.
8
Let s = 14294 + -14263. Calculate the remainder when (151/1)/(-1 + 2) is divided by s.
27
Suppose 5*r = x - 4, r - 31 = -2*x + 32. Calculate the remainder when x is divided by 11.
7
Let i(r) = 11*r**2 + 2*r - 3. Let c = 18 - 2. Calculate the remainder when i(2) is divided by c.
13
Let g be 2/3 + (-19070)/30. Let w = -438 - g. Suppose -3*u + u + w = -3*r, -96 = -u + 2*r. What is the remainder when u is divided by 27?
25
Suppose s + 2*s - 162 = 0. Let t = 63 - s. Calculate the remainder when 16 is divided by t.
7
Calculate the remainder when 83 is divided by (52 - 51)*1*17.
15
Calculate the remainder when 297/(-22)*-6*1 is divided by 6.
3
Suppose p - b - 126 = 0, -4*p - 2*b = 2*b - 464. Calculate the remainder when p is divided by -1 - (-32)/(2 + -1).
28
Let x = -40 - -48. Suppose 3*n - n = x. What is the remainder when n is divided by 2?
0
Let h = 417 - -317. Suppose -15*f + 646 = -h. Calculate the remainder when f is divided by 24.
20
Let z(j) = -37*j - 257. What is the remainder when z(-13) is divided by 45?
44
Let x = 167 + -107. Suppose 2*k + k + 2*c = 45, -4*k = 4*c - x. Calculate the remainder when k is divided by 1/(2*1/8).
3
Let b = 98 + -44. Suppose 3*i - b = -4*v + v, -v = 5*i - 78. What is the remainder when 43 is divided by i?
13
Let v(u) = 4*u**2 - 5*u - 4. Let t be v(-4). Let m = -18 + t. Calculate the remainder when m is divided by 17.
11
Suppose -242 = 25*n - 1867. Calculate the remainder when 974 is divided by n.
64
Let q = -71 - -55. Let k = 57 + q. Let b = 23 + -2. Calculate the remainder when k is divided by b.
20
Let i = 503 + -445. Calculate the remainder when i is divided by 13.
6
Let w(g) = 2 - 16*g**2 + 4*g + 36*g**2 + 2 - g. Calculate the remainder when w(-2) is divided by 42.
36
Suppose -4*i + 49 = -7. Let k(r) = -45*r**2 + 2*r + 2. Let a be k(-2). Let g = -157 - a. What is the remainder when g is divided by i?
11
Let u = 12 - 10. Suppose -11 + 37 = u*o. What is the remainder when o is divided by (-7 + 2)/(-3 + 2)?
3
Calculate the remainder when 969 is divided by (-5)/(20/12)*(-679)/21.
96
What is the remainder when 1299 is divided by -248*((-23)/(-4) + -6)?
59
Suppose 22*r = 25*r + 81. What is the remainder when r/(-2)*(-1 - -3) is divided by 15?
12
Let g = 333 - 324. Calculate the remainder when 125 is divided by g.
8
Let c(s) = -s**3 - 9*s**2 - 210. What is the remainder when 733 is divided by c(-11)?
29
What is the remainder when (-180)/(-4) - (-2)/(-4)*4 is divided by 28?
15
What is the remainder when 141/5 - 3*4/(-15) is divided by 6?
5
Suppose -2*q = 4*o - 6*q + 116, 4*o + 5*q + 116 = 0. Suppose z + z + 36 = 0. Let i = z - o. Calculate the remainder when i is divided by 4.
3
Suppose -9 - 99 = -6*g. Suppose 0 = 4*t + 3*l - 356, 2*l = -3*t + 6*l + 267. What is the remainder when t is divided by g?
17
Let p(n) = -2*n - 5 + 2*n - n**2 + 3*n. Let i(d) = -2*d + 5. Let z(f) = -3*i(f) - 2*p(f). Calculate the remainder when 50 is divided by z(3).
11
Let m be 0*(56/(-72) + (-2)/9). Suppose m = -11*a + 3*a + 64. Calculate the remainder when a is divided by 2.
0
Let i = -271 - -402. What is the remainder when i is divided by 40?
11
Suppose 15*h - 10*h = 60. Suppose 84 = -8*v + h*v. What is the remainder when 62 is divided by v?
20
Suppose -310 = -5*j - 20. Calculate the remainder when 231 is divided by j.
57
Let m be 4/(-6)*12/2. What is the remainder when 116 is divided by 16 + m*(3 - 2)?
8
Suppose -33 + 39 = -3*b, -5*i = -5*b - 220. Calculate the remainder when 377 is divided by i.
41
Let w be (-4)/22 + 332/11. Let k = 0 + 0. Suppose k = 7*f - 4*f - w. What is the remainder when 19 is divided by f?
9
Suppose 32 = t + 4. Calculate the remainder when 53 is divided by t.
25
Let t(d) = d**3 - 8*d**2 - 19*d - 6. Suppose -18*j + 11*j = -70. Calculate the remainder when 13 is divided by t(j).
1
Suppose -59*b + 30 = -54*b. Let m = -78 + 101. Calculate the remainder when m is divided by b.
5
Let b(m) = 12*m - 28*m + 6*m + 11*m + m**3 + 6. What is the remainder when 20 is divided by b(0)?
2
Suppose -x - 2*x + 213 = 0. Calculate the remainder when x is divided by (((10 - 13) + 6)/(-2))/((-2)/32).
23
Calculate the remainder when 51 is divided by (-3)/6 - (5 - (-259)/(-14)).
12
Let i = 275 - 238. Let a(n) = 72*n + 3. Calculate the remainder when a(3) is divided by i.
34
Calculate the remainder when (-71)/(-2) + 2/(-4) is divided by (171/6)/(((-108)/8)/(-9)).
16
Let i = 68 + -189. Let r = -76 - i. Calculate the remainder when r is divided by 8.
5
Let n(w) = -w**3 - 5*w**2 + 18*w - 19. Calculate the remainder when n(-8) is divided by 10.
9
Let q = 727 - 720. Calculate the remainder when 31 is divided by q.
3
Let z be 5/(-15) + (-7)/(-3). What is the remainder when 5 is divided by (16/12)/z*3?
1
Let f = -5 + 35. Suppose -37*d = -35*d - f. Let t = d + 1. Calculate the remainder when 61 is divided by t.
13
Suppose -3*m - 2*m - d + 99 = 0, -2*m = -d - 34. Calculate the remainder when (-98)/735 + (-29296)/(-120) is divided by m.
16
Suppose 3*f - 4*p - 3 = 0, -2*f + 2 = -7*p + 4*p. Let r be f/(2 - (-61)/(-31)). Let o = 61 - r. What is the remainder when o is divided by 11?
8
Let k = -190 + 210. What is the remainder when 876 is divided by k?
16
What is the remainder when 52 is divided by (14/6)/(137/822)?
10
Let k(o) = o**3 + 4*o**2 - 4. Let x be (-2)/(-10) - 58/(-10). What is the remainder when x/42 + (-194)/(-14) is divided by k(-3)?
4
Let a(s) = s**2 + 8*s - 4. Let x be a(-9). Suppose 4*l - 4*v - 35 = -11, 0 = 2*l - x*v - 21. Calculate the remain